Let g(u) = u**2 + 71*u - 9162. Let c be g(-138). Let o be ((-3)/(-12) - 1)*-80. Calculate the highest common divisor of o and c.
12
Let b(w) = w**3 - 36*w**2 + 49*w + 470. Let y be b(35). What is the greatest common divisor of 60 and y?
60
Suppose -z = -5*t - 0*t + 30, 4*t = -4*z + 24. Suppose -4*b = -n - 11, -t*n = -4*n + 6. Suppose -10 - 6 = -4*c. Calculate the highest common factor of b and c.
2
Suppose y = 5*d - 495, -d - 2*y = 2*d - 310. Let z = 111 + -107. Calculate the greatest common factor of z and d.
4
Let c(l) = -2*l**3 - 153*l**2 - 2107*l + 8. Let v be c(-18). Let h be (3/(-1) - 19)*-13. Calculate the greatest common factor of h and v.
26
Suppose -b - 3*k = -24, -9*b + 10*b - 66 = 4*k. What is the highest common divisor of b and 132?
6
Let p be (-9)/(-2 + 5) - -18. Let q be -2 + (p - (4 + -2)). Suppose 0 = 20*u - 492 - 388. Calculate the highest common factor of q and u.
11
Suppose 16*d - 7*d = 711. Let y = d + -299. Let p = y - -310. What is the highest common divisor of p and 15?
15
Let v be 8/7 - (540067/(-203))/11. What is the greatest common factor of 1107 and v?
27
Suppose -21*w - 3992 = -12*w - 16952. What is the highest common factor of 234 and w?
18
Suppose 73*p = 74*p - 3, -3*v = -p - 7074. Calculate the greatest common divisor of 14 and v.
7
Let p(n) = -n**2 + 826. Let u be p(0). Suppose -5*k + u = 5*m - 649, -5*k = m - 299. Let b = -182 + m. Calculate the greatest common factor of b and 16.
16
Let b = 1820 - 9802. Let g be 6/4 + b/(-52). Calculate the greatest common factor of g and 62.
31
Let a = 2161 + -2077. Let f(r) = r**2 - 4*r - 12. Let m be f(10). What is the greatest common factor of a and m?
12
Let q = 598 - 518. Suppose -11*p + q = -9*p. Calculate the highest common factor of 104 and p.
8
Suppose -6*w - 1209 = -86*w - 13*w. What is the greatest common factor of 53 and w?
1
Let n be 0/(-1 - 1) + 120. Suppose 0*o + 90 = 3*o. What is the highest common factor of n and o?
30
Let k be (-3)/(-3)*-5 - 22. Let l be (-12)/(-2 - 48/k). What is the greatest common divisor of 90 and l?
18
Suppose 16*v - 1002 - 8646 = 0. Let r = v + -569. Calculate the highest common divisor of r and 544.
34
Let x = -825 + 1252. Suppose -w + 100 = -x. What is the highest common factor of 17 and w?
17
Let j be (-1 - 2) + (27 - 24). Suppose -t = -5*t - q + 805, j = -t + 2*q + 190. Calculate the highest common divisor of 80 and t.
40
Suppose 0 = n - 3*n - n. Let t(o) = -o**3 - o + 1560. Let q be t(n). Suppose -2*i = -12*i + q. What is the greatest common divisor of i and 39?
39
Let h(f) = f**2 + 56*f - 132. Let l be h(10). What is the greatest common divisor of l and 24?
24
Let s(d) = d**3 - 7*d**2 - d + 8. Let f be s(7). Let y be 724/((2 + -3)/(f/1)). Let z = y + 1076. What is the greatest common factor of 44 and z?
44
Let x = -101 - -112. Suppose -x*z = -348 + 40. Calculate the highest common divisor of z and 14.
14
Suppose 56 = 4*t - 4*k, 51 = 4*t - 2*k + 1. Suppose -4*w = 7*i - 2983, -10*i + 7*i + 2963 = 4*w. What is the highest common factor of t and w?
11
Let f = -19 - -47. Let s = -11 + f. Suppose -2*l - 2*b - 77 + 325 = 0, 0 = -3*l + 4*b + 337. What is the greatest common divisor of l and s?
17
Let b be (22*1)/((-12)/(-66)). Suppose -1071 = -28*a + 35*a. Let w be (-4)/18 - 1717/a. Calculate the highest common factor of b and w.
11
Let n be (11 + 7)*(-20 - -21). Suppose -72 = -9*k + 5*k. Calculate the greatest common divisor of n and k.
18
Suppose -93506 = 25*w - 272581. What is the highest common factor of w and 52?
13
Let w = -193 - 483. Let z = w - -816. Calculate the highest common factor of z and 35.
35
Suppose 369 = -3*a - 4*c, -4*c - 369 = 3*a - 2*c. Let q = a - -163. What is the highest common divisor of 72 and q?
8
Let p(j) = -j**3 - 8*j**2 + 7*j - 11. Let i be p(-9). Let a(m) = m**3 - 6*m**2 - 5*m + 10. Let r be a(i). What is the greatest common divisor of 84 and r?
12
Suppose -10 = 4*k - 22. Let n(h) = -h + 19. Let c be n(15). Suppose 0 = c*a - k*a - 4. What is the highest common factor of 10 and a?
2
Let w = -19 - -41. Suppose -6*y - 419 = -449. Suppose 4*q = 5*l + 9*q - 30, -45 = -y*l - 2*q. Calculate the highest common divisor of w and l.
11
Let t = -1122 + 1159. Let v = 273 - 125. What is the greatest common factor of t and v?
37
Suppose 6*o + 704 = 14*o. Let y = -87 + o. Calculate the greatest common divisor of 7 and y.
1
Suppose -4*y - 26612 = -4*o, -5*y + 355 = 2*o - 12930. Calculate the highest common factor of 2 and o.
2
Let g be (-2 + -7)*(-364)/117. Calculate the greatest common divisor of 68 and g.
4
Let t(r) = 102*r + 1857. Let n be t(-18). Suppose -7*d + 175 = -2*d. Let m be (-288)/20*d/(-2). What is the greatest common factor of n and m?
21
Suppose -14*i + 98308 = 4*i - 45656. Calculate the greatest common divisor of 258 and i.
258
Let t = 4763 + -4741. Calculate the highest common factor of t and 1133.
11
Let m be (3461 + 1)/(7/147 + 23/138). Calculate the greatest common divisor of m and 56.
28
Let c be 4/18 + (-344)/(-72). What is the highest common divisor of c and 505?
5
Suppose 5*v - 180 = -5*a, 0*a + v - 138 = -4*a. Suppose 14 = -n + a. Suppose -7*k + 50 = -2*k. What is the greatest common factor of n and k?
10
Let q be (3828/(-464))/((-1)/8). Calculate the greatest common factor of 3 and q.
3
Suppose 0 = 2*k - 4*r - 40 - 58, -k + 3*r = -51. Suppose 390 = 10*i - 150. Suppose 185*p - i = 182*p. What is the greatest common divisor of k and p?
9
Suppose -5287 = -16*p + 5529. What is the greatest common factor of p and 104?
52
Suppose 0 = -2*f - w - 213, -4*w + 67 = -2*f - 161. Let q = f - -119. What is the greatest common factor of q and 99?
11
Suppose -146*c - 2*b = -150*c + 970, -3*b = 3. Calculate the greatest common divisor of 22 and c.
22
Let c = 3753 + -3116. What is the highest common divisor of c and 728?
91
Let c be (-3240)/(-50)*30/12. Calculate the greatest common factor of c and 2160.
54
Suppose 0 = t + 3*t - 2*j, 2*t - 2*j = -4. Suppose 0 = t*k - 6*k + 1768. What is the greatest common divisor of 26 and k?
26
Suppose -v = 3*n - 99, 181 - 259 = -v + 4*n. Let y(w) = 2*w**2 + 4*w - 3. Let d be y(3). Calculate the greatest common divisor of d and v.
9
Suppose -224 = -12*l - 0*l + 328. What is the greatest common factor of 322 and l?
46
Let g = -48 - -169. Let b be 4 - (-147)/(-35) - g/(-5). What is the highest common factor of b and 132?
12
Let r(k) = -21*k. Let u be r(-3). Let f(c) = -6*c**3 - 85*c**2 - 35*c - 189. Let b be f(-14). What is the greatest common factor of b and u?
21
Suppose 3*b = 3*x - 28526 - 4567, 4*b + 28 = 0. Calculate the greatest common factor of 16 and x.
16
Let x(u) = -u**3 - 8*u**2 - 29*u - 96. Let l be x(-6). Let f(i) = -i**3 + 3*i**2 + 3*i + 3. Let g be f(-3). Calculate the greatest common divisor of g and l.
6
Let y(l) = 21*l - 104. Suppose 0 = 49*k - 6*k - 301. Let f be y(k). What is the greatest common factor of 2 and f?
1
Let n(d) = -d**3 + 31*d**2 + 38*d + 6. Suppose -3*j + 118 + 30 = 5*k, 0 = -5*k + 2*j + 168. Let a be n(k). What is the greatest common divisor of a and 54?
18
Suppose 3*d - 2*c - 108 = -d, -5*c + 42 = 2*d. Let q = 40 - d. Let h(a) = 2*a**2 - a + 1. Let p be h(1). Calculate the greatest common factor of q and p.
2
Let u = -1606 - -41. Let p be u/(-30) + (-2)/12. What is the highest common factor of 468 and p?
52
Suppose 75 = -z + 152. Suppose -z = 8*t - 693. Calculate the greatest common factor of t and 21.
7
Let t(d) = -5*d + 90. Suppose -93 = 11*o - 170. Let n be t(o). Calculate the greatest common factor of n and 605.
55
Let m(o) = -o**3 + 21*o**2 + 75*o - 45. Let y be m(24). Calculate the highest common divisor of 225 and y.
9
Let i = 54 + -45. Let r be (-93)/i - 1/(-3). Let o be -10*(35/r + 3). What is the greatest common divisor of o and 1?
1
Let g be 25 - 2*(2 - 9). Calculate the greatest common divisor of g and 25701.
39
Let c(i) = -i**3 + 7*i**2 + 3*i - 8. Let o be c(6). Let k = -31 + o. Let q be 6/(-15) + 321/k. Calculate the greatest common factor of 231 and q.
21
Let f = 6458 + -4008. What is the highest common divisor of f and 525?
175
Let x(q) = q**2 + 12*q - 34. Let k be x(3). Let b be (k - -12)/((-50)/26 - -2). Calculate the greatest common factor of b and 23.
23
Let g(x) = 2*x**2 + 16*x + 19. Let a be g(-7). Suppose -3*m + 618 =